= -5*r + g - 899. What is the remainder when h*48 - 1*-1 is divided by r?
15
Suppose -8*b + 171 = 11*b. Suppose i + 39 = 3*d, d + b = -3*i + 32. Calculate the remainder when 475 is divided by d.
13
Let y(b) = 2*b**2 + 12*b + 147. What is the remainder when y(-16) is divided by 13?
12
Suppose 40 = 15*q - 7*q. Suppose -q*h - 130 = -p - 4*p, 4*p + 3*h = 90. What is the remainder when (-31)/((2/(-9))/(4/6)) is divided by p?
21
Let y be -1*(-4)/(-30)*5*6. Let d(p) = -p**3 - 4*p**2 - 7*p - 5. What is the remainder when ((-210)/7)/(y/6) is divided by d(-4)?
22
Suppose 20*x + 21655 = 97*x - 16*x. Calculate the remainder when x is divided by 17.
15
Calculate the remainder when (-287)/(-3) + 13/39 is divided by (10/(-15))/(3/207*-2).
4
Let b(m) = -2*m**3 - 17*m**2 - 51*m - 37. Calculate the remainder when b(-9) is divided by 166.
5
Suppose 0*j = 2*j + 3*o - 45, -3*o - 102 = -5*j. Let a(p) = 39 - 72 + 61*p + 57. Calculate the remainder when a(2) is divided by j.
20
Let d = 2509 + -2452. What is the remainder when 157 is divided by d?
43
Let r = -3970 - -3991. What is the remainder when 34 is divided by r?
13
Let v = 263 - 352. Let q(n) = 5*n**2 - 2*n - 12. Let j be q(5). Let h = v + j. What is the remainder when 137 is divided by h?
11
Let z(y) = 23*y**2 - 4*y + 1. Let g(c) = c**3 + 9*c**2 + 33*c + 145. What is the remainder when z(-3) is divided by g(-7)?
4
Calculate the remainder when (1673/(-28))/(22/(-88)) is divided by 42.
29
Calculate the remainder when 315 is divided by 7 - ((-93 - -3) + 4).
36
Suppose 0 = 3*g - 5*g + 194. Let s(t) = -14*t**2 + 16*t + 170. What is the remainder when g is divided by s(4)?
7
Suppose -40*b + 1213 + 58172 = -3735. Calculate the remainder when b is divided by 158.
156
Suppose 0 = -130*a + 14999 + 10844 - 883. Calculate the remainder when a is divided by 5.
2
Let w(d) = -d**3 + 24*d**2 - 21*d - 22. Let v be w(23). Let q(j) = 9*j + 3. Let r be q(3). Calculate the remainder when 18 is divided by (r/(-8))/(v/(-64)).
8
Let g = -1249 + 2551. Suppose -g = -15*c + 8*c. Calculate the remainder when c is divided by 21.
18
Let k = -3230 - -4945. What is the remainder when k is divided by 24?
11
Let p(s) = 16*s**2 + 221*s - 5. What is the remainder when p(-15) is divided by 57?
52
Suppose 3*n - 3*v - 95 = 88, 0 = -4*n + 3*v + 244. Let x = 76 - 7. Let z = x + -61. What is the remainder when n is divided by z?
5
Let o be (-23 + 26)/((-1)/(-2)). Suppose -3 = -u + 1. Calculate the remainder when o + 4*(-3)/12 is divided by u.
1
Suppose 0*r + l = 4*r + 109, -2*l = -2. What is the remainder when 210 is divided by 4 + (-204)/54 - 1425/r?
51
Let j(y) = -9*y**3 + 3*y + 3. Suppose -2*d - 2*p = -86, -3*d + 5*p + 42 = -15. What is the remainder when j(-3) is divided by d?
33
Let a(d) be the second derivative of -d**5/20 + 11*d**4/12 - 5*d**3/3 - 21*d**2/2 + 56*d. Calculate the remainder when a(9) is divided by 9.
6
Suppose n + d - 14 = -3*n, 4*n + 3*d - 10 = 0. Let r(i) = -56*i - 8119. Calculate the remainder when r(-147) is divided by 2*(1 + 54/n).
26
Let p be 0/(1/((-3)/(-15))). Let w(f) = f**3 - f**2 - f + 51. Calculate the remainder when 134 is divided by w(p).
32
Let s(x) = 965*x + 3648. Calculate the remainder when s(10) is divided by 70.
68
Let a be (642/12)/((-1)/(-64)). Suppose 5*l - a = 4*u, l = -l + 2*u + 1368. Suppose 2*y - l = -5*d - 44, 3*y = 6. What is the remainder when d is divided by 13?
11
Let u(t) = -3*t**3 - 24*t**2 - 146*t - 20. What is the remainder when u(-8) is divided by 23?
21
Suppose 8237*b - 8251*b + 112 = 0. What is the remainder when 22 is divided by b?
6
Let k(o) = -o**3 + 4*o**2 - 8. Suppose -3*v + 4*n = -31, 0 = 4*v - 3*v + n - 8. Calculate the remainder when v is divided by k(3).
0
Let k(i) = -2*i**3 - 53*i**2 + 24*i - 76. Let c be k(-27). Suppose c - 1831 = -22*n. Calculate the remainder when n is divided by 25.
8
Suppose -41*g = 114*g - 2015. What is the remainder when 1115 is divided by g?
10
Let y(x) = 9*x - 5. Let a(o) = -o + 2. Let k(m) = -6*a(m) - y(m). Calculate the remainder when k(-6) is divided by 7.
4
Suppose -5*k = 2*d - 32358, -66*d = -71*d + 3*k + 80833. What is the remainder when d is divided by 33?
32
Let l be (-80)/120 - (-31)/3*17. What is the remainder when ((-50)/7)/((-50)/l) is divided by 7?
4
Let t(u) = -24*u + 348*u**2 - 349*u**2 + u + 15. Calculate the remainder when t(-13) is divided by 49.
47
Suppose -22*s + 17*s = 20. Let k(r) = 3*r**2 + 8*r + 15. Let y be k(s). Let t = 118 - y. What is the remainder when t is divided by 30?
27
Suppose 0 = 5*r - 3*r + 3*b - 6, -8 = -4*b. Suppose -5*n - 5*z + 145 = 0, 5*n - 4*z + 2*z - 180 = r. Calculate the remainder when n is divided by 8.
2
Let m(d) = -13*d**2 - 2*d + 4. Let l be m(3). Let n = -74 - l. Let w(q) = -q**3 - 26*q**2 - 18*q + 187. What is the remainder when n is divided by w(-25)?
9
Suppose 11 = 3*y + z - 0*z, -2*y = z - 6. Let d = -10813 + 11037. Calculate the remainder when d is divided by y.
4
Let f = 33 - 33. Let c(s) = s**3 - 4*s**2 + 7*s - 1. Let z be c(2). Suppose f*n = z*v - 3*n - 35, v - 9 = n. What is the remainder when 35 is divided by v?
3
Suppose j - 806 = -4*p - 764, 7 = j - 3*p. Let f be 3 - (0/(-1))/(-2). Suppose f*t + 344 = 7*t. Calculate the remainder when t is divided by j.
20
Let u be (932/10)/(2 - 40/25). Suppose -8*x + 617 - u = 0. Suppose 5*w - 72 = x. Calculate the remainder when 40 is divided by w.
16
Suppose 41 - 189 = -2*z. Let g = 139 - 81. Let l = g + -33. Calculate the remainder when z is divided by l.
24
Suppose -248 = -4*d + s, 2*d - s - 64 = 58. Let k = 2737 - 2428. Calculate the remainder when k is divided by d.
57
Let i = 1258 - 1113. What is the remainder when i is divided by 39?
28
Let p = -12895 - -12978. What is the remainder when 851 is divided by p?
21
Let y be 2 - 1 - -1*(1 + 16). Suppose d - 373 = 4*r, -r = y*d - 16*d - 773. Calculate the remainder when d is divided by 9.
7
What is the remainder when 151 - 0 - (-156)/(-12) is divided by 25?
13
Suppose 3*c + 2 - 50 = 0. Let s = 671 + -561. Calculate the remainder when s is divided by c.
14
Let l(a) = a**2 - 5*a - 21. Let d be l(8). Suppose d*x + 5*x = 480. Let q = -38 + x. Calculate the remainder when 64 is divided by q.
20
Suppose -9*b = -42*b + 132. Suppose b*x - 1356 = -5*u, -x + 152 = u - 120. What is the remainder when u is divided by 9?
7
Let w = -19 + 18. Calculate the remainder when (w - -6) + 1 + 31 is divided by 20.
17
Suppose 7*s = s - 294. Let a = 90 + s. Let j = 151 - a. Calculate the remainder when j is divided by 8.
6
Let u be (-3)/2 - (7 + 9/(-2)). Let b(f) = -170*f - 133. What is the remainder when b(u) is divided by 55?
52
Let d(z) = -z**2 - 7*z + 8. Suppose 3*j = -h + 181, 10*j + 330 = 15*j - 4*h. Suppose 16*x = j*x - 3772. What is the remainder when x is divided by d(-6)?
12
Suppose -10*a - 6445 = -241*a - 439. What is the remainder when 592 is divided by a?
20
What is the remainder when 6/5*(-15 + (-5480)/(-3)) is divided by 16?
14
Suppose 14445*v + 1040 = 14471*v. What is the remainder when 198 is divided by v?
38
Suppose -42*l + 3242 + 370 = 0. What is the remainder when 1145 is divided by l?
27
Suppose -25*j + 20*j + 59840 = 29*j. What is the remainder when j is divided by 196?
192
Let j(p) = -3*p**2 + 27*p + 5. Let s be j(9). Suppose -3*f - q + 89 = q, 0 = -2*f + s*q + 53. Calculate the remainder when 54 is divided by f.
25
Let o be 163 - (2 + -5 - -6). Suppose -5*t = 9*b - 4*b - o, -4*b - 58 = -2*t. Calculate the remainder when t is divided by 13.
5
Suppose -5*t = 5*n - 4130, -5*n + 2*n = -4*t - 2450. Let w = n - 811. Calculate the remainder when (-234)/(-10) - (-4)/(-10) is divided by w.
1
Let i = 28853 + -28767. What is the remainder when 3173 is divided by i?
77
Let k be (13365/22)/(-9) + (-1)/(-2). Let a = 73 + k. What is the remainder when 149 is divided by a?
5
Let x = -527 - -529. Suppose x*q - 3*j = -2*j + 129, -5 = j. What is the remainder when 307 is divided by q?
59
Let i = 147414 + -147408. What is the remainder when 1/(-3) - 118/(-3) is divided by i?
3
Let p(o) = 5*o**3 - 4*o**2 + 2*o + 2. Suppose 630*t - 620*t = 180. What is the remainder when p(2) is divided by t?
12
Suppose 6*j - 427052 + 82966 = -80*j. What is the remainder when j is divided by 6?
5
Let o(p) be the first derivative of -p**3/3 + 